omposite?
False
Is 1299467957 composite?
False
Is 1421524847 prime?
False
Is 55812664717 prime?
False
Is 2023396199 composite?
True
Is 45822358897 a prime number?
False
Is 24366139979 a prime number?
True
Is 451129662443 composite?
False
Is 27604052095 prime?
False
Is 94361315065 prime?
False
Is 37263432499 composite?
True
Is 51572230247 composite?
False
Is 3634717367 prime?
False
Is 38163229233 prime?
False
Is 23407692647 a composite number?
False
Is 22838502529 a prime number?
True
Is 10078427 prime?
False
Is 817442893 a composite number?
True
Is 492880457 composite?
True
Is 21527329729 a composite number?
False
Is 16496804003 prime?
True
Is 12311124713 a composite number?
True
Is 5042696091 a prime number?
False
Is 3087662867 a prime number?
True
Is 10254087643 a composite number?
False
Is 26479822181 a prime number?
False
Is 14816168813 a composite number?
False
Is 52948760861 prime?
True
Is 4686609497 prime?
False
Is 383170663 prime?
False
Is 2088803633 composite?
True
Is 426062239 a composite number?
True
Is 1077451229 prime?
True
Is 8684471545 a prime number?
False
Is 6931103911 composite?
True
Is 803200537 prime?
False
Is 197945551 a composite number?
False
Is 134846527 composite?
False
Is 893253241 a prime number?
True
Is 763573643 a prime number?
False
Is 11065845629 prime?
False
Is 72402610985 a composite number?
True
Is 49621481333 prime?
False
Is 4997315303 a composite number?
True
Is 10155061139 a prime number?
True
Is 9138844885 a composite number?
True
Is 3135484381 a prime number?
True
Is 348276159571 a prime number?
True
Is 10043245123 prime?
False
Is 9215782099 a prime number?
False
Is 16220020699 a composite number?
True
Is 5965950623 a composite number?
True
Is 2130264469 a composite number?
False
Is 32952529 a prime number?
True
Is 34222561427 composite?
False
Is 33436880749 composite?
True
Is 3492023701 composite?
True
Is 34342977701 prime?
True
Is 16909807 composite?
True
Is 483376007 a prime number?
True
Is 5241761583 a prime number?
False
Is 376705921 a prime number?
True
Is 1993461067 composite?
True
Is 15349147651 composite?
False
Is 27888829919 a prime number?
False
Is 6323127079 a prime number?
False
Is 3008889022 prime?
False
Is 169772927111 a composite number?
False
Is 1642234513 a prime number?
True
Is 321153622 prime?
False
Is 136182959047 a composite number?
False
Is 39750121 composite?
True
Is 95321310239 composite?
True
Is 38618210863 composite?
False
Is 1900583977 a prime number?
False
Is 9613859557 a prime number?
True
Is 2548684759 composite?
True
Is 128364461 a composite number?
False
Is 52710114637 a composite number?
True
Is 98171399 a prime number?
False
Is 2314781159 a composite number?
False
Is 3877575189 composite?
True
Is 1610971073 a prime number?
True
Is 181644277 a prime number?
True
Is 3701227367 a composite number?
True
Is 33815670323 prime?
True
Is 19907771021 a composite number?
False
Is 2205600809 composite?
False
Is 10245377221 a prime number?
True
Is 2052561961 prime?
True
Is 109192250831 a composite number?
False
Is 209292379 a prime number?
True
Is 72048596453 composite?
False
Is 52397617 a prime number?
True
Is 6049502999 prime?
False
Is 625475657 composite?
False
Is 26637617719 prime?
False
Is 1271899261 composite?
True
Is 64553992967 a prime number?
False
Is 302836431 composite?
True
Is 128591279129 a prime number?
True
Is 2288020051 prime?
False
Is 356836199 prime?
True
Is 48855684659 composite?
True
Is 5383708633 composite?
True
Is 1808062142 prime?
False
Is 10231388731 composite?
False
Is 69940699 a prime number?
False
Is 12790630649 a prime number?
True
Is 31719226141 a composite number?
False
Is 766312867 composite?
False
Is 107066514659 a prime number?
False
Is 46567335631 a composite number?
True
Is 21892153463 a composite number?
False
Is 16700167937 prime?
True
Is 458748737 composite?
False
Is 3455892619 composite?
True
Is 57138559 a composite number?
True
Is 1385899451 a prime number?
False
Is 962051863 composite?
False
Is 1984568557 composite?
False
Is 4756715129 a prime number?
True
Is 28086460651 composite?
False
Is 3988419427 prime?
True
Is 404850316601 composite?
False
Is 1223238839 composite?
False
Is 1049477453 a composite number?
True
Is 5034505771 a composite number?
False
Is 1340477939 a prime number?
False
Is 6060772919 a prime number?
False
Is 831045757 a prime number?
False
Is 432323007 prime?
False
Is 45162624079 composite?
True
Is 2856457829 a composite number?
False
Is 2230936307 prime?
False
Is 3187332601 a composite number?
True
Is 58824899599 composite?
False
Is 109006407053 a composite number?
False
Is 10003125217 a prime number?
False
Is 593237581 composite?
True
Is 2195104159 a composite number?
True
Is 772151221 a prime number?
True
Is 22206283427 composite?
False
Is 104998867 composite?
False
Is 12302955685 a composite number?
True
Is 4290559423 a composite number?
True
Is 965874193 a composite number?
True
Is 20330743291 a composite number?
False
Is 1387347779 a composite number?
False
Is 14814954947 prime?
False
Is 15480943439 a composite number?
True
Is 67550819 prime?
False
Is 74015030653 a composite number?
True
Is 80470231607 composite?
True
Is 16527252787 a composite number?
True
Is 6423247147 prime?
False
Is 15369083669 composite?
True
Is 1006575481 a prime number?
False
Is 1922354851 prime?
False
Is 68798613919 a composite number?
True
Is 4685543 a prime number?
False
Is 3125044103 prime?
False
Is 4671752807 composite?
True
Is 976610651 prime?
True
Is 2682119137 a composite number?
True
Is 636904649 composite?
False
Is 42287326061 composite?
True
Is 260896381 a composite number?
False
Is 10744591471 composite?
False
Is 4253392393 a composite number?
False
Is 8413650695 prime?
False
Is 2007276539 a composite number?
True
Is 33714127 a prime number?
False
Is 738084509 prime?
False
Is 1489841747 a prime number?
True
Is 577832273 a composite number?
False
Is 4742177021 composite?
True
Is 46212821 a composite number?
True
Is 25898932537 prime?
False
Is 773980663 prime?
True
Is 99381458887 a composite number?
True
Is 8438119303 a composite number?
True
Is 12225798085 a composite number?
True
Is 27496768279 composite?
False
Is 8740633459 composite?
False
Is 49634917 a composite number?
True
Is 12225693509 prime?
True
Is 23271064559 a composite number?
False
Is 138647623 a composite number?
False
Is 288359101 composite?
False
Is 6973416601 a composite number?
False
Is 765619643 prime?
True
Is 2512329403 prime?
False
Is 5433266897 a composite number?
False
Is 21990950953 composite?
True
Is 41457137011 composite?
True
Is 412712633 a prime number?
True
Is 17904375677 prime?
False
Is 182947099 a prime number?
False
Is 110850728851 prime?
False
Is 9638825429 a composite number?
False
Is 626732863 prime?
False
Is 753488651 a composite number?
True
Is 8344940035 a composite number?
True
Is 690731011 a composite number?
False
Is 854005813 prime?
False
Is 1786382327 a composite number?
True
Is 136628143 composite?
False
Is 899058434 a composite number?
True
Is 70212850405 a composite number?
True
Is 1089509423 composite?
True
Is 86752117139 a prime number?
False
Is 77819824499 a prime number?
False
Is 6410423681 a composite number?
False
Is 23460700903 a composite number?
True
Is 6149624981 composite?
True
Is 4025428241 composite?
False
Is 703177609 composite?
False
Is 17097722633 a composite number?
True
Is 1910242297 a prime number?
True
Is 932440441 prime?
False
Is 963265133 a prime number?
True
Is 144336407 a prime number?
False
Is 1393255247 a prime number?
False
Is 15738577 a composite number?
False
Is 18100570351 a prime number?
True
Is 4761881903 composite?
True
Is 177677432041 prime?
False
Is 237353423 a composite number?
True
Is 1628052269 prime?
True
Is 16195583419 a prime number?
True
Is 381712939 composite?
False
Is 16180919767 composite?
False
Is 281375797 composite?
False
Is 705222787 composite?
False
Is 161738325269 a prime number?
False
Is 74984713 a prime number?
True
Is 899815097 prime?
True
Is 70925081923 prime?
True
Is 702997693 composite?
False
Is 1911183049 composite?
False
Is 11895945187 a composite number?
True
Is 639161 prime?
False
Is 5555868251 prime?
True
Is 2195796373 a composite number?
False
Is 3988926721 a composite nu